{"id":46,"date":"2023-07-08T20:44:38","date_gmt":"2023-07-08T20:44:38","guid":{"rendered":"https:\/\/habana-malibu.com\/habana23\/?page_id=46"},"modified":"2023-07-09T22:09:45","modified_gmt":"2023-07-09T22:09:45","slug":"about","status":"publish","type":"page","link":"https:\/\/habana-malibu.com\/habana23\/about\/","title":{"rendered":"About"},"content":{"rendered":"<p>[et_pb_section fb_built=&#8221;1&#8243; _builder_version=&#8221;4.21.0&#8243; _module_preset=&#8221;default&#8221; custom_padding=&#8221;3px||114px|||&#8221; global_colors_info=&#8221;{}&#8221;][et_pb_row _builder_version=&#8221;4.21.0&#8243; _module_preset=&#8221;default&#8221; global_colors_info=&#8221;{}&#8221;][et_pb_column type=&#8221;4_4&#8243; _builder_version=&#8221;4.21.0&#8243; _module_preset=&#8221;default&#8221; global_colors_info=&#8221;{}&#8221;][et_pb_text _builder_version=&#8221;4.21.0&#8243; _module_preset=&#8221;default&#8221; header_text_color=&#8221;#232450&#8243; global_colors_info=&#8221;{}&#8221;]<\/p>\n<h1 style=\"text-align: center;\">ABOUT<\/h1>\n<p>[\/et_pb_text][\/et_pb_column][\/et_pb_row][et_pb_row column_structure=&#8221;1_2,1_2&#8243; _builder_version=&#8221;4.21.0&#8243; _module_preset=&#8221;default&#8221; global_colors_info=&#8221;{}&#8221;][et_pb_column type=&#8221;1_2&#8243; _builder_version=&#8221;4.21.0&#8243; _module_preset=&#8221;default&#8221; global_colors_info=&#8221;{}&#8221;][et_pb_text _builder_version=&#8221;4.21.0&#8243; _module_preset=&#8221;default&#8221; text_letter_spacing=&#8221;2px&#8221; global_colors_info=&#8221;{}&#8221;]<\/p>\n<p>Caf\u00e9 Habana Malibu brings Caf\u00e9 Habana New York, the famed Cuban\/Mexican caf\u00e9 to Malibu, CA. Caf\u00e9 Habana Malibu is located at the new Malibu Lumber Yard and is customized to its beach community. The original Caf\u00e9 Habana in Nolita, Manhattan set the tone for the new location and provides an approachable, community-driven environment.<\/p>\n<p>Just as the Caf\u00e9 Habana restaurants in Manhattan and Brooklyn were inspired by La Habana in downtown Mexico City-a bustling, bohemian space known for its customer base of Cuban and Caribbean expatriates, musicians, celebrities, and politicos-Caf\u00e9 Habana Malibu seeks to recreate the same upbeat and welcoming ambience for which this legendary dining destination is known.<\/p>\n<p>[\/et_pb_text][\/et_pb_column][et_pb_column type=&#8221;1_2&#8243; _builder_version=&#8221;4.21.0&#8243; _module_preset=&#8221;default&#8221; global_colors_info=&#8221;{}&#8221;][et_pb_image src=&#8221;http:\/\/habana-malibu.com\/habana23\/wp-content\/uploads\/2023\/07\/about-squareimage.png&#8221; title_text=&#8221;about-squareimage&#8221; _builder_version=&#8221;4.21.0&#8243; _module_preset=&#8221;default&#8221; hover_enabled=&#8221;0&#8243; global_colors_info=&#8221;{}&#8221; alt=&#8221;Cafe Habana Photo of entrance&#8221; sticky_enabled=&#8221;0&#8243;][\/et_pb_image][\/et_pb_column][\/et_pb_row][\/et_pb_section]<\/p>\n","protected":false},"excerpt":{"rendered":"<p>ABOUTCaf\u00e9 Habana Malibu brings Caf\u00e9 Habana New York, the famed Cuban\/Mexican caf\u00e9 to Malibu, CA. Caf\u00e9 Habana Malibu is located at the new Malibu Lumber Yard and is customized to its beach community. The original Caf\u00e9 Habana in Nolita, Manhattan set the tone for the new location and provides an approachable, community-driven environment. Just as [&hellip;]<\/p>\n","protected":false},"author":1,"featured_media":0,"parent":0,"menu_order":0,"comment_status":"closed","ping_status":"closed","template":"","meta":{"_et_pb_use_builder":"on","_et_pb_old_content":"","_et_gb_content_width":"","footnotes":""},"class_list":["post-46","page","type-page","status-publish","hentry"],"_links":{"self":[{"href":"https:\/\/habana-malibu.com\/habana23\/wp-json\/wp\/v2\/pages\/46","targetHints":{"allow":["GET"]}}],"collection":[{"href":"https:\/\/habana-malibu.com\/habana23\/wp-json\/wp\/v2\/pages"}],"about":[{"href":"https:\/\/habana-malibu.com\/habana23\/wp-json\/wp\/v2\/types\/page"}],"author":[{"embeddable":true,"href":"https:\/\/habana-malibu.com\/habana23\/wp-json\/wp\/v2\/users\/1"}],"replies":[{"embeddable":true,"href":"https:\/\/habana-malibu.com\/habana23\/wp-json\/wp\/v2\/comments?post=46"}],"version-history":[{"count":4,"href":"https:\/\/habana-malibu.com\/habana23\/wp-json\/wp\/v2\/pages\/46\/revisions"}],"predecessor-version":[{"id":124,"href":"https:\/\/habana-malibu.com\/habana23\/wp-json\/wp\/v2\/pages\/46\/revisions\/124"}],"wp:attachment":[{"href":"https:\/\/habana-malibu.com\/habana23\/wp-json\/wp\/v2\/media?parent=46"}],"curies":[{"name":"wp","href":"https:\/\/api.w.org\/{rel}","templated":true}]}}